alculate the highest common factor of 11011 and d.
77
Let w(t) = -t**3 - 13*t + 3349. Let s be w(0). Calculate the greatest common factor of s and 85.
17
Let i be (-903)/(-172)*4/3. Calculate the greatest common divisor of 10836 and i.
7
Let k(t) = -t**3 - 22*t**2 + 25*t + 32. Let b be k(-22). Let m = b + 531. What is the highest common divisor of 104 and m?
13
Let j = 71998 + -71996. Let a(r) be the third derivative of -r**4/24 + 5*r**3/6 + r**2. Let l be a(4). Calculate the highest common factor of j and l.
1
Suppose -15*q + 10188 - 5977 = -13414. What is the highest common divisor of 400 and q?
25
Let x(b) = 168*b**3 + 6*b**2 - 8*b + 5. Let c be x(1). Let o = 43 - 24. What is the greatest common factor of c and o?
19
Let q be 4 + (-4)/(-3)*60/40. Suppose 468 = 20*b + q*b. Let o(i) = i**3 - i + 9. Let w be o(0). What is the greatest common divisor of w and b?
9
Suppose 530 = 3*p - 388. Let f = 343 - 325. What is the highest common divisor of p and f?
18
Let p be (6 - 16)/(-2 + 3). Let h(f) = f**3 + 11*f**2 + 16*f + 7. Let c be h(p). Let z = -23 - c. What is the greatest common divisor of 40 and z?
10
Suppose -3*r - 4*u = -5*u - 1128, 9*u - 1098 = -3*r. Calculate the greatest common factor of r and 125.
125
Let i be 14/(4*-7*(-8)/4704). What is the greatest common factor of 54 and i?
6
Suppose 852 = -3*v + 216. Let h = v - -295. What is the greatest common factor of h and 913?
83
Let t(z) = -z**3 - 6*z**2 + 703*z. Let n be t(23). What is the highest common divisor of 180 and n?
36
Let n = 1349 + -1125. Calculate the greatest common factor of 288 and n.
32
Let k be (3*2 - (-198)/(-36))*-14. Let y be 43 + (k - -79)/(-9). Suppose -2*g - 117 = -467. What is the greatest common divisor of g and y?
35
Let b(d) = d**3 - 70*d**2 - 231*d + 954. Let p be b(73). Calculate the greatest common factor of p and 11973.
39
Let k(d) = -199*d**3 + d**2 - 2. Let z be k(-1). Suppose -49*n + z = -43*n. What is the greatest common divisor of n and 319?
11
Suppose -5*k - 30 = -5*b, 12 = -3*b + 2*k - 5*k. Let v be 15/6*340/425. Calculate the highest common factor of b and v.
1
Let s = 152 - 65. Let y be (-18)/6 + 5 + 1 + s. Suppose 0*g = 5*g - 675. Calculate the highest common divisor of g and y.
45
Suppose -2*f = v - 37, f = 4*v - 3*f - 172. Suppose -4*o - 3*z - 182 = -5*z, -v = o + z. Let n = 94 + o. Calculate the highest common factor of n and 250.
50
Suppose -v + 2*n = -27, -10*n + 13*n - 26 = -2*v. What is the highest common factor of 3363 and v?
19
Suppose -5*v - 3*h = -3447, 0*v - 1378 = -2*v - 2*h. Calculate the greatest common divisor of 4416 and v.
138
Let t = -4645 + 4871. Calculate the greatest common divisor of t and 3277.
113
Suppose -h + 37 = 32. Let s = h + 17. What is the highest common factor of s and 22?
22
Let d be (48/(-9) + 5)*(-3 - -3). Suppose 294 = 14*a - d*a. What is the highest common divisor of a and 77?
7
Let a(y) = 219*y - 2809. Let d be a(13). What is the highest common divisor of d and 2603?
19
Suppose p - 505 = -2*p - 5*t, -t - 511 = -3*p. Calculate the highest common divisor of 22015 and p.
85
Let j(t) = -181*t + 1707. Let f be j(9). Suppose -5*l + 4*l + 182 = 0. What is the greatest common divisor of l and f?
26
Let d(v) = -614*v - 1775. Let q be d(-5). What is the greatest common factor of q and 70?
35
Let z(g) = -8*g - 17. Let l be z(-3). Suppose l*v - 47 = 79. Calculate the greatest common divisor of 18 and v.
18
Suppose 9 = 2*g + 2*t - 9, -4*t = 3*g - 22. Suppose 7*f - 4*f - 63 = 0. Suppose -4*z + f = -63. Calculate the greatest common divisor of g and z.
7
Let j(s) = 5*s + 42. Let x be j(-4). Let w(n) = 4*n**2 - 86*n + 10. Let m be w(x). What is the greatest common divisor of m and 36?
18
Suppose 4*v - 4*r = 956, 0 = 3*v + 3*r - 357 - 336. What is the greatest common factor of 5 and v?
5
Let z = 15984 + 11303. What is the highest common factor of z and 26?
13
Suppose -22*w + 6672 = -1930. Suppose -w - 1427 = -2*l. Calculate the highest common divisor of 101 and l.
101
Suppose 0 = 4*a - 3*a - 3. Let o = 347 + -331. Let w = o + a. Calculate the highest common factor of 95 and w.
19
Let t be ((-66)/9)/((-52)/78). Suppose -22*w = -19*w - 33. Calculate the greatest common divisor of t and w.
11
Suppose 11*i + 7*i = 4*i. Let o = 1 - 4. Let j be i - (3/(-3))/(o/(-252)). Calculate the highest common factor of j and 12.
12
Suppose -3*g + 189 = 3*m, -137 + 2 = -2*g + m. What is the greatest common factor of 286 and g?
22
Let f = 665 - 661. Suppose -f*v + 148 = 4*a - 9*v, -4*a + 3*v = -156. What is the greatest common divisor of a and 462?
42
Suppose -21*z + 901554 = 9*z + 111*z. What is the greatest common factor of z and 92?
46
Let f be -1 + 0/2 + 4. Suppose 13*z + 5*j - 54 = 10*z, -4*z - 6*j + 70 = 0. What is the highest common divisor of f and z?
1
Suppose 9 = 15*q + 9. Suppose 3*s - v - 55 - 3 = 0, q = -2*s + 2*v + 32. Calculate the highest common factor of s and 35.
7
Suppose 45*v + 8045 = 47*v + 5*x, x = -1. What is the highest common factor of v and 437?
23
Let q = -1838 - -3298. Calculate the greatest common factor of 80 and q.
20
Suppose -4*l - 65 = -5*q, -5*l = -4*q - 56 + 144. Let z(n) = -9*n - 92. Let u be z(l). Calculate the greatest common factor of u and 8.
8
Suppose 35*s - 38*s - 4*x = -99041, -9*s - 4*x = -297107. What is the highest common divisor of 11 and s?
11
Let v(r) = r - 47. Let a = -5 + 5. Let k be v(a). Let z = k - -87. Calculate the greatest common factor of z and 8.
8
Suppose 3 = 7*t - 6*t. Let u be ((-465)/(-10))/(2/4 + 0). Suppose -2*l - z + u = -9, 5*l - 2*z = 255. Calculate the highest common divisor of l and t.
3
Suppose 1520 = 443*j - 435*j. Let g = 202 - j. What is the highest common factor of g and 276?
12
Let t(d) = d**3 + 21*d**2 + 21*d + 27. Let q(w) = -3*w**2 + 2*w - 20. Let z be q(0). Let i be t(z). What is the greatest common factor of i and 21?
7
Suppose 16*a = 82 - 60 + 58. What is the greatest common divisor of 83 and a?
1
Let r(b) = 45*b**2 + 31*b - 40. Let k(y) = 30*y**2 + 20*y - 27. Let q(f) = 8*k(f) - 5*r(f). Let d be q(2). Calculate the greatest common divisor of 432 and d.
54
Suppose -5*w = 4*u - 7515, 0 = -4*u + 10*u + 2*w - 11234. What is the greatest common factor of u and 2?
2
Suppose -4*p = -3*l - 6 + 33, 0 = -2*p. Suppose -5*b = -3*y + 12, y + 2*b = -2 - 5. Let x be -1*(-7 - y) - -3. Calculate the greatest common divisor of x and l.
9
Let t(j) = -2*j**3 + 29*j**2 - 17*j + 46. Let p be t(14). Suppose -275 = -5*m + 4*q + q, -p*m - 2*q = -214. What is the greatest common divisor of m and 30?
6
Let z(n) = -3*n + 4*n**2 - 3*n**2 - 103 + 102. Let a be z(4). Suppose 2*h + 5*r - a + 8 = 0, -3*r - 25 = -h. What is the greatest common divisor of 90 and h?
10
Let w(x) = x**2 - 47*x - 250. Let o be w(52). What is the greatest common divisor of 230 and o?
10
Let k be ((-39)/(-4))/(117/624) + -5. What is the greatest common factor of 4559 and k?
47
Suppose 61*o + 1 = x + 60*o, -5*o = 2*x - 37. What is the greatest common factor of x and 141?
3
Let i be (((-14)/28)/((-1)/(-4)))/(1/(-2)). What is the greatest common divisor of 106 and i?
2
Let w(m) = 13*m + 159. Let y be w(-8). What is the greatest common factor of y and 160?
5
Let g be 165/22*(-4)/(-5). Suppose g*s - 21 - 9 = 0. Calculate the highest common divisor of s and 185.
5
Suppose 835 = 98*f - 733. Let r be (-6)/21 + 8/28. Suppose -528 = -3*x - r*x. Calculate the highest common factor of f and x.
16
Suppose -2*f = -n + 10010 + 672, 0 = -f - 6. Calculate the highest common divisor of n and 220.
110
Let k = 42 + -14. Let f(r) = 125*r - 319. Let j be f(3). What is the greatest common divisor of j and k?
28
Let o be ((-46360)/3416)/((-1)/7). What is the highest common factor of o and 100?
5
Let r(k) = -61*k - 101. Let y be r(-5). Let q be (y/170)/((-4)/(-110)). Calculate the highest common divisor of q and 253.
11
Suppose 2*r + y = 831, -1257 = -3*r + 174*y - 177*y. Calculate the highest common factor of r and 36.
4
Let f be (-20 - -14) + 5/1 + 2. Let k be 15 - (f - (-30)/(5/(-1))). What is the greatest common divisor of 40 and k?
20
Suppose 2 = -16*q + 98. Suppose 13*x - 10*x - q = 0. Let n = -22 + 40. Calculate the highest common factor of n and x.
2
Suppose 3 + 1 = 2*g. Suppose -g*y + 7*y - 355 = -5*f, -y + 73 = -f. Suppose -11*j + y